{"id":2898,"date":"2021-06-24T07:31:22","date_gmt":"2021-06-24T11:31:22","guid":{"rendered":"https:\/\/cochabamba.wordcamp.org\/2021\/?page_id=2898"},"modified":"2021-06-24T07:36:49","modified_gmt":"2021-06-24T11:36:49","slug":"transmision-jueves-24","status":"publish","type":"page","link":"https:\/\/cochabamba.wordcamp.org\/2021\/transmision-jueves-24\/","title":{"rendered":"Transmisi\u00f3n Jueves 24"},"content":{"rendered":"\n<h3 class=\"has-text-align-center wp-block-heading\">Bienvenido al primer d\u00eda del WordCamp Cochabamba! <\/h3>\n\n\n\n<figure class=\"wp-block-embed alignwide is-type-video is-provider-youtube wp-block-embed-youtube wp-embed-aspect-16-9 wp-has-aspect-ratio\"><div class=\"wp-block-embed__wrapper\">\n<span class=\"embed-youtube\" style=\"text-align:center; display: block;\"><iframe loading=\"lazy\" class=\"youtube-player\" width=\"750\" height=\"422\" src=\"https:\/\/www.youtube.com\/embed\/Nrld8t6M3-g?version=3&#038;rel=1&#038;showsearch=0&#038;showinfo=1&#038;iv_load_policy=1&#038;fs=1&#038;hl=es-ES&#038;autohide=2&#038;wmode=transparent\" allowfullscreen=\"true\" style=\"border:0;\" sandbox=\"allow-scripts allow-same-origin allow-popups allow-presentation allow-popups-to-escape-sandbox\"><\/iframe><\/span>\n<\/div><\/figure>\n\n\n\n\t<div class=\"wp-block-wordcamp-youtube-live-chat-embed\">\n\t\t<iframe\n\t\t\tid=\"wp-block-wordcamp-youtube-live-chat-embed__video-Nrld8t6M3-g\"\n\t\t\ttitle=\"Embedded YouTube live chat\"\n\t\t\tsrc=\"https:\/\/www.youtube.com\/live_chat?v=Nrld8t6M3-g&#038;embed_domain=cochabamba.wordcamp.org\"\n\t\t\tsandbox=\"allow-same-origin allow-scripts allow-popups\"\n\t\t>\n\t\t<\/iframe>\n\n\t\t\n\t\t<p class=\"wp-block-wordcamp-youtube-live-chat-embed__availability-warning\">\n\t\t\tNota: Si est\u00e1s usando un dispositivo m\u00f3vil, YouTube puede bloquearte para que no puedas ver encima el chat en directo. Es posible que puedas acceder a \u00e9l a trav\u00e9s de sus aplicaciones nativas.\t\t<\/p>\n\t<\/div>\n\n\t\n\n\n<div class=\"wp-block-group\"><div class=\"wp-block-group__inner-container is-layout-flow wp-block-group-is-layout-flow\">\n<p class=\"wp-block-paragraph\">Para mantenerte contactado con la comunidad, puedes seguirnos en:<\/p>\n\n\n\n<ul class=\"wp-block-social-links is-layout-flex wp-block-social-links-is-layout-flex\"><li class=\"wp-social-link wp-social-link-facebook  wp-block-social-link\"><a href=\"https:\/\/www.facebook.com\/wordpresscochabamba\/\" class=\"wp-block-social-link-anchor\"><svg width=\"24\" height=\"24\" viewBox=\"0 0 24 24\" version=\"1.1\" xmlns=\"http:\/\/www.w3.org\/2000\/svg\" aria-hidden=\"true\" focusable=\"false\"><path d=\"M12 2C6.5 2 2 6.5 2 12c0 5 3.7 9.1 8.4 9.9v-7H7.9V12h2.5V9.8c0-2.5 1.5-3.9 3.8-3.9 1.1 0 2.2.2 2.2.2v2.5h-1.3c-1.2 0-1.6.8-1.6 1.6V12h2.8l-.4 2.9h-2.3v7C18.3 21.1 22 17 22 12c0-5.5-4.5-10-10-10z\"><\/path><\/svg><span class=\"wp-block-social-link-label screen-reader-text\">Facebook<\/span><\/a><\/li>\n\n<li class=\"wp-social-link wp-social-link-instagram  wp-block-social-link\"><a href=\"https:\/\/www.instagram.com\/wordcampcbb\/\" class=\"wp-block-social-link-anchor\"><svg width=\"24\" height=\"24\" viewBox=\"0 0 24 24\" version=\"1.1\" xmlns=\"http:\/\/www.w3.org\/2000\/svg\" aria-hidden=\"true\" focusable=\"false\"><path d=\"M12,4.622c2.403,0,2.688,0.009,3.637,0.052c0.877,0.04,1.354,0.187,1.671,0.31c0.42,0.163,0.72,0.358,1.035,0.673 c0.315,0.315,0.51,0.615,0.673,1.035c0.123,0.317,0.27,0.794,0.31,1.671c0.043,0.949,0.052,1.234,0.052,3.637 s-0.009,2.688-0.052,3.637c-0.04,0.877-0.187,1.354-0.31,1.671c-0.163,0.42-0.358,0.72-0.673,1.035 c-0.315,0.315-0.615,0.51-1.035,0.673c-0.317,0.123-0.794,0.27-1.671,0.31c-0.949,0.043-1.233,0.052-3.637,0.052 s-2.688-0.009-3.637-0.052c-0.877-0.04-1.354-0.187-1.671-0.31c-0.42-0.163-0.72-0.358-1.035-0.673 c-0.315-0.315-0.51-0.615-0.673-1.035c-0.123-0.317-0.27-0.794-0.31-1.671C4.631,14.688,4.622,14.403,4.622,12 s0.009-2.688,0.052-3.637c0.04-0.877,0.187-1.354,0.31-1.671c0.163-0.42,0.358-0.72,0.673-1.035 c0.315-0.315,0.615-0.51,1.035-0.673c0.317-0.123,0.794-0.27,1.671-0.31C9.312,4.631,9.597,4.622,12,4.622 M12,3 C9.556,3,9.249,3.01,8.289,3.054C7.331,3.098,6.677,3.25,6.105,3.472C5.513,3.702,5.011,4.01,4.511,4.511 c-0.5,0.5-0.808,1.002-1.038,1.594C3.25,6.677,3.098,7.331,3.054,8.289C3.01,9.249,3,9.556,3,12c0,2.444,0.01,2.751,0.054,3.711 c0.044,0.958,0.196,1.612,0.418,2.185c0.23,0.592,0.538,1.094,1.038,1.594c0.5,0.5,1.002,0.808,1.594,1.038 c0.572,0.222,1.227,0.375,2.185,0.418C9.249,20.99,9.556,21,12,21s2.751-0.01,3.711-0.054c0.958-0.044,1.612-0.196,2.185-0.418 c0.592-0.23,1.094-0.538,1.594-1.038c0.5-0.5,0.808-1.002,1.038-1.594c0.222-0.572,0.375-1.227,0.418-2.185 C20.99,14.751,21,14.444,21,12s-0.01-2.751-0.054-3.711c-0.044-0.958-0.196-1.612-0.418-2.185c-0.23-0.592-0.538-1.094-1.038-1.594 c-0.5-0.5-1.002-0.808-1.594-1.038c-0.572-0.222-1.227-0.375-2.185-0.418C14.751,3.01,14.444,3,12,3L12,3z M12,7.378 c-2.552,0-4.622,2.069-4.622,4.622S9.448,16.622,12,16.622s4.622-2.069,4.622-4.622S14.552,7.378,12,7.378z M12,15 c-1.657,0-3-1.343-3-3s1.343-3,3-3s3,1.343,3,3S13.657,15,12,15z M16.804,6.116c-0.596,0-1.08,0.484-1.08,1.08 s0.484,1.08,1.08,1.08c0.596,0,1.08-0.484,1.08-1.08S17.401,6.116,16.804,6.116z\"><\/path><\/svg><span class=\"wp-block-social-link-label screen-reader-text\">Instagram<\/span><\/a><\/li>\n\n<li class=\"wp-social-link wp-social-link-meetup  wp-block-social-link\"><a href=\"https:\/\/www.meetup.com\/es\/Cochabamba-WordPress-Meetup\/\" class=\"wp-block-social-link-anchor\"><svg width=\"24\" height=\"24\" viewBox=\"0 0 24 24\" version=\"1.1\" xmlns=\"http:\/\/www.w3.org\/2000\/svg\" aria-hidden=\"true\" focusable=\"false\"><path d=\"M19.24775,14.722a3.57032,3.57032,0,0,1-2.94457,3.52073,3.61886,3.61886,0,0,1-.64652.05634c-.07314-.0008-.10187.02846-.12507.09547A2.38881,2.38881,0,0,1,13.49453,20.094a2.33092,2.33092,0,0,1-1.827-.50716.13635.13635,0,0,0-.19878-.00408,3.191,3.191,0,0,1-2.104.60248,3.26309,3.26309,0,0,1-3.00324-2.71993,2.19076,2.19076,0,0,1-.03512-.30865c-.00156-.08579-.03413-.1189-.11608-.13493a2.86421,2.86421,0,0,1-1.23189-.56111,2.945,2.945,0,0,1-1.166-2.05749,2.97484,2.97484,0,0,1,.87524-2.50774.112.112,0,0,0,.02091-.16107,2.7213,2.7213,0,0,1-.36648-1.48A2.81256,2.81256,0,0,1,6.57673,7.58838a.35764.35764,0,0,0,.28869-.22819,4.2208,4.2208,0,0,1,6.02892-1.90111.25161.25161,0,0,0,.22023.0243,3.65608,3.65608,0,0,1,3.76031.90678A3.57244,3.57244,0,0,1,17.95918,8.626a2.97339,2.97339,0,0,1,.01829.57356.10637.10637,0,0,0,.0853.12792,1.97669,1.97669,0,0,1,1.27939,1.33733,2.00266,2.00266,0,0,1-.57112,2.12652c-.05284.05166-.04168.08328-.01173.13489A3.51189,3.51189,0,0,1,19.24775,14.722Zm-6.35959-.27836a1.6984,1.6984,0,0,0,1.14556,1.61113,3.82039,3.82039,0,0,0,1.036.17935,1.46888,1.46888,0,0,0,.73509-.12255.44082.44082,0,0,0,.26057-.44274.45312.45312,0,0,0-.29211-.43375.97191.97191,0,0,0-.20678-.063c-.21326-.03806-.42754-.0701-.63973-.11215a.54787.54787,0,0,1-.50172-.60926,2.75864,2.75864,0,0,1,.1773-.901c.1763-.535.414-1.045.64183-1.55913A12.686,12.686,0,0,0,15.85,10.47863a1.58461,1.58461,0,0,0,.04861-.87208,1.04531,1.04531,0,0,0-.85432-.83981,1.60658,1.60658,0,0,0-1.23654.16594.27593.27593,0,0,1-.36286-.03413c-.085-.0747-.16594-.15379-.24918-.23055a.98682.98682,0,0,0-1.33577-.04933,6.1468,6.1468,0,0,1-.4989.41615.47762.47762,0,0,1-.51535.03566c-.17448-.09307-.35512-.175-.53531-.25665a1.74949,1.74949,0,0,0-.56476-.2016,1.69943,1.69943,0,0,0-1.61654.91787,8.05815,8.05815,0,0,0-.32952.80126c-.45471,1.2557-.82507,2.53825-1.20838,3.81639a1.24151,1.24151,0,0,0,.51532,1.44389,1.42659,1.42659,0,0,0,1.22008.17166,1.09728,1.09728,0,0,0,.66994-.69764c.44145-1.04111.839-2.09989,1.25981-3.14926.11581-.28876.22792-.57874.35078-.86438a.44548.44548,0,0,1,.69189-.19539.50521.50521,0,0,1,.15044.43836,1.75625,1.75625,0,0,1-.14731.50453c-.27379.69219-.55265,1.38236-.82766,2.074a2.0836,2.0836,0,0,0-.14038.42876.50719.50719,0,0,0,.27082.57722.87236.87236,0,0,0,.66145.02739.99137.99137,0,0,0,.53406-.532q.61571-1.20914,1.228-2.42031.28423-.55863.57585-1.1133a.87189.87189,0,0,1,.29055-.35253.34987.34987,0,0,1,.37634-.01265.30291.30291,0,0,1,.12434.31459.56716.56716,0,0,1-.04655.1915c-.05318.12739-.10286.25669-.16183.38156-.34118.71775-.68754,1.43273-1.02568,2.152A2.00213,2.00213,0,0,0,12.88816,14.44366Zm4.78568,5.28972a.88573.88573,0,0,0-1.77139.00465.8857.8857,0,0,0,1.77139-.00465Zm-14.83838-7.296a.84329.84329,0,1,0,.00827-1.68655.8433.8433,0,0,0-.00827,1.68655Zm10.366-9.43673a.83506.83506,0,1,0-.0091,1.67.83505.83505,0,0,0,.0091-1.67Zm6.85014,5.22a.71651.71651,0,0,0-1.433.0093.71656.71656,0,0,0,1.433-.0093ZM5.37528,6.17908A.63823.63823,0,1,0,6.015,5.54483.62292.62292,0,0,0,5.37528,6.17908Zm6.68214,14.80843a.54949.54949,0,1,0-.55052.541A.54556.54556,0,0,0,12.05742,20.98752Zm8.53235-8.49689a.54777.54777,0,0,0-.54027.54023.53327.53327,0,0,0,.532.52293.51548.51548,0,0,0,.53272-.5237A.53187.53187,0,0,0,20.58977,12.49063ZM7.82846,2.4715a.44927.44927,0,1,0,.44484.44766A.43821.43821,0,0,0,7.82846,2.4715Zm13.775,7.60492a.41186.41186,0,0,0-.40065.39623.40178.40178,0,0,0,.40168.40168A.38994.38994,0,0,0,22,10.48172.39946.39946,0,0,0,21.60349,10.07642ZM5.79193,17.96207a.40469.40469,0,0,0-.397-.39646.399.399,0,0,0-.396.405.39234.39234,0,0,0,.39939.389A.39857.39857,0,0,0,5.79193,17.96207Z\"><\/path><\/svg><span class=\"wp-block-social-link-label screen-reader-text\">Meetup<\/span><\/a><\/li><\/ul>\n<\/div><\/div>\n","protected":false},"excerpt":{"rendered":"<p>Bienvenido al primer d\u00eda del WordCamp Cochabamba!<\/p>\n","protected":false},"author":15645268,"featured_media":0,"parent":0,"menu_order":0,"comment_status":"closed","ping_status":"closed","template":"","meta":{"_crdt_document":"","jetpack_post_was_ever_published":false,"footnotes":""},"class_list":["post-2898","page","type-page","status-publish","hentry","entry"],"jetpack_sharing_enabled":true,"_links":{"self":[{"href":"https:\/\/cochabamba.wordcamp.org\/2021\/wp-json\/wp\/v2\/pages\/2898","targetHints":{"allow":["GET"]}}],"collection":[{"href":"https:\/\/cochabamba.wordcamp.org\/2021\/wp-json\/wp\/v2\/pages"}],"about":[{"href":"https:\/\/cochabamba.wordcamp.org\/2021\/wp-json\/wp\/v2\/types\/page"}],"author":[{"embeddable":true,"href":"https:\/\/cochabamba.wordcamp.org\/2021\/wp-json\/wp\/v2\/users\/15645268"}],"replies":[{"embeddable":true,"href":"https:\/\/cochabamba.wordcamp.org\/2021\/wp-json\/wp\/v2\/comments?post=2898"}],"version-history":[{"count":4,"href":"https:\/\/cochabamba.wordcamp.org\/2021\/wp-json\/wp\/v2\/pages\/2898\/revisions"}],"predecessor-version":[{"id":2908,"href":"https:\/\/cochabamba.wordcamp.org\/2021\/wp-json\/wp\/v2\/pages\/2898\/revisions\/2908"}],"wp:attachment":[{"href":"https:\/\/cochabamba.wordcamp.org\/2021\/wp-json\/wp\/v2\/media?parent=2898"}],"curies":[{"name":"wp","href":"https:\/\/api.w.org\/{rel}","templated":true}]}}